Let c = -311 + 312. What are the prime factors of -8 - (c - 5) - (-800)/2?
2, 3, 11
Let o be (0 - -4) + (1 - 1) + -3. Let u be -1 + o*(-3)/(-9)*9. Suppose 2*s - u*w = -2*s + 482, 0 = -4*w + 12. What are the prime factors of s?
2, 61
Let x = 30615 - 10884. What are the prime factors of x?
3, 6577
Suppose -4 = -2*m, -3371 = -4*t + 4*m + 3753. What are the prime factors of t?
1783
Let p(h) = 2*h**2 - 5. Let k be p(2). Suppose -5*i - 2*a + k*a = -5708, -i + 3*a + 1150 = 0. List the prime factors of i.
7, 163
List the prime factors of 707*((-2)/5 + 2479/335).
7, 101
Let v(j) = -69*j**2 - 7*j + 10. Let y(k) = 2*k**3 - 7*k**2 + 3*k - 6. Let z be y(3). Let l be v(z). What are the prime factors of (-128)/60 - -2 - l/15?
2, 3
Suppose -5*z + 2116 = 2*v, -12*z + 9*z + 1257 = -3*v. List the prime factors of z.
2, 211
Let i = -474 - -968. Suppose -i*a + 488*a = -10290. What are the prime factors of a?
5, 7
Suppose -54*s + 695623 = 30*s - s. List the prime factors of s.
17, 29
Let m(i) = 11*i**3 - 4*i**2 - 17*i - 29. What are the prime factors of m(7)?
3, 127
Let n(z) = 32 + 19*z + 18 - 6*z**2 - 10 + 5*z**2. List the prime factors of n(17).
2, 37
Let i be ((-5)/(-10))/(1/(-38)). Let d = -25 - i. Let z(a) = a**3 + 6*a**2 - 6*a - 12. List the prime factors of z(d).
2, 3
Suppose 18*j + 2*c - 15 = 17*j, 40 = 5*j + 3*c. Suppose -y - j = -8, -5*g + 3*y + 2826 = 0. List the prime factors of g.
3, 7
Let l(a) = 104*a - 806. Let d be l(7). Let j = 73 + 57. Let n = d + j. What are the prime factors of n?
2, 13
Let z(b) = 77*b**2 - 5*b + 10. Let g(h) = -153*h**2 + 10*h - 21. Let n(f) = -3*g(f) - 5*z(f). List the prime factors of n(2).
13, 23
Suppose 0 = 18*f - 81 + 9. List the prime factors of 4950/f*(-2)/(-3).
3, 5, 11
Let w = -1628 + 3452. Suppose 0 = 51*m - 43*m - w. List the prime factors of m.
2, 3, 19
Suppose -4*l - 39998 = -2*v, l - 79989 = -4*v + 2*l. What are the prime factors of v?
19997
Let p = -10660 + 18734. What are the prime factors of p?
2, 11, 367
Let o(w) = -3*w**2 - 37*w + 10. Let p be o(-13). Let v(j) = -32*j + 14. List the prime factors of v(p).
2, 263
Let o be 2*2*2/4. Suppose 2 = o*b, -3*w + 4 = -7*w + 4*b. Suppose w = 3*t - 3, 0 = -2*f - 4*t + 184 + 14. What are the prime factors of f?
97
Suppose -16*m - 7078 = -21*m - 2*k, -12 = 2*k. What are the prime factors of m?
2, 709
Suppose 5*f + b = 17682 + 36799, -5 = -5*b. List the prime factors of f.
2, 3, 227
Let z be (-2)/4*(-4)/(-6)*-9. Suppose q + 3*q = 4, 0 = z*g + 4*q - 13. Suppose j + 0*j - 15 = -g*y, 4*j - 4*y + 4 = 0. List the prime factors of j.
3
Suppose -56*h + 888 = -50*h. Let l = h - -218. What are the prime factors of l?
2, 3, 61
Let t = -138 - 422. Let w = -524 - t. What are the prime factors of w?
2, 3
Let u(h) = 734*h**2 - 6*h - 3. Suppose 4*k = -10*k - 14. What are the prime factors of u(k)?
11, 67
Suppose -5*v + 997 = 3*i, -998 = -3*v - 2*v - 2*i. Suppose v = 4*q - 352. What are the prime factors of q?
2, 3, 23
Let x = 92 - 100. Suppose 5*w = 6*w - 63. Let k = w - x. List the prime factors of k.
71
Suppose -i + 5 - 10 = 0. Let c be (1/(-2))/(1197/(-238) - i). Suppose c*w - 492 = 15*w. What are the prime factors of w?
2, 3, 41
Let m = -181 + 293. Suppose -93*k - 5681 = -m*k. What are the prime factors of k?
13, 23
Let m be (-7)/5 + 6/15. Let f be ((-39)/(-6))/(m/2). Let i = 4 - f. What are the prime factors of i?
17
Let n(l) = l + 1. Let z(a) = 16*a + 1. Let g(f) = 3*n(f) - z(f). Let b be g(-2). Suppose 32*c - b*c = 340. What are the prime factors of c?
5, 17
Let c be (2 - 4 - -1)/((-2)/6). Let d be (0 + -1 + c)*1*2. What are the prime factors of (d - 303/6)/(3/(-8))?
2, 31
Let l(q) = 50*q + 3 + 6*q**2 - 6 - 45*q. What are the prime factors of l(4)?
113
Let x be (-6)/(-39) - (-120)/65. Suppose 0 = x*u + 35 - 107. List the prime factors of u.
2, 3
Let a = -921 + -1456. Let t = a + 3388. List the prime factors of t.
3, 337
Let w(c) = -c**2 - 3*c + 10. Let g be w(0). What are the prime factors of (318/18)/((g/5)/66)?
11, 53
Let u be (-20)/(-8)*-2 + 2440/4. Let i = -148 + u. List the prime factors of i.
457
Suppose -5*y + 0*b + 4*b + 11 = 0, 0 = 3*y - 2*b - 7. Suppose 4*p + y*p = -7. Let a = p - -88. List the prime factors of a.
3, 29
Let i be 19 - (15 + (-7 - 1)). What are the prime factors of (-260)/(-78)*i/(-10) + 439?
3, 5, 29
Suppose -3*h + 5*q - 121 = 0, 4 = -2*q - 2*q. Let s = h + 62. Suppose -4*i + s = -i - 2*y, 4*y = -i + 30. What are the prime factors of i?
2, 5
Let p(b) = -b**3 - 24*b**2 - 5*b - 32. Let o be p(-24). Let t be (-16)/(-7) + 4/(-14). Suppose t*v - v = o. List the prime factors of v.
2, 11
Suppose -m + 6*m = -4*g, 0 = 4*g + 4*m. Suppose g = -62*i + 64*i - 1100. What are the prime factors of i?
2, 5, 11
Let m be (-753)/(-5) - 7/((-175)/10). Let k = 48 - m. Let g = 12 - k. List the prime factors of g.
5, 23
Let c = -77 + 114. Let x = 19 - 19. Let i = c - x. What are the prime factors of i?
37
Let v = 6 + -16. Let d(a) = -3 - 11158*a + 11131*a - 1. List the prime factors of d(v).
2, 7, 19
Let c(p) = 5*p + p + 8*p + p. Let i = -9 + 17. What are the prime factors of c(i)?
2, 3, 5
Let y be (-4)/1 + 11 + 0 + -1. Suppose -y*q + 10 = -176. What are the prime factors of q?
31
Suppose -6*m + 50628 = -73836 + 12132. What are the prime factors of m?
2, 11, 23, 37
Let z = 43742 - -16423. List the prime factors of z.
3, 5, 7, 191
List the prime factors of ((-287464)/48 + (-3)/(-2))/((-8)/12).
7, 1283
List the prime factors of -1 - -8 - (-14185)/((-10)/30*-3).
2, 887
Let o(f) = 1 + 59*f**2 - 9*f + 3*f - 8*f + 17*f. List the prime factors of o(2).
3
Let o be (1 + 27/6)*2. Suppose -o = -3*i + 13. List the prime factors of i/4*101/2.
101
Let h(x) = x**2 - 22*x - 15. Let y be h(24). Suppose y = 6*a - 3*a. Suppose 0 = 3*r - 5*k - 325, -3*k = 4 + a. What are the prime factors of r?
2, 5
Let q(n) be the second derivative of -3*n**5/5 + n**4/6 + n**3/2 - n**2 + 44*n. Let p be q(2). Let y = p + 133. What are the prime factors of y?
7
Let c(h) = 11*h**2 + 86*h + 86. List the prime factors of c(-37).
7, 1709
Let v = -257 - -281. List the prime factors of 1131/(4*v/32).
13, 29
What are the prime factors of (-1 + 2)*(15196 - -199)?
5, 3079
Suppose i - 2*i - 17 = -5*d, -3*i = 2*d - 17. Suppose d*k - z = 28, 0*z = k + 3*z - 20. Suppose -k*h = -11*h + 54. What are the prime factors of h?
2, 3
Suppose 129*n = 124*n + 4*q + 265046, 5*n + 5*q - 265100 = 0. List the prime factors of n.
2, 13, 2039
Suppose 5*o + 10 = -10, -5*s + 2*o = -42308. Suppose -s = -0*k - 15*k. What are the prime factors of k?
2, 3, 47
Suppose 48 = -70*z + 66*z. What are the prime factors of ((-2)/z + (-145)/150)*-440?
2, 11
Suppose 5*k - 112 = 18. Let r be -23 + k + -1 + 2/2. List the prime factors of (-10)/(-3*r/117).
2, 5, 13
Let p(n) = 777*n**2 + 37*n - 83. List the prime factors of p(3).
7, 17, 59
What are the prime factors of 12385 + (-255)/34*10/(-25)?
2, 19, 163
Let k(j) = 45*j - 7. Let d be (1 + 2)*((-4)/(-12) + -1). Let z be k(d). Let a = 155 + z. List the prime factors of a.
2, 29
Suppose -11*p + 5925 + 11730 = 0. What are the prime factors of p?
3, 5, 107
Let f(t) = t**3 - 29*t**2 - 3*t - 24. Let w be f(31). Let m = w - 1289. What are the prime factors of m?
2, 3, 43
Suppose 4*y + 2 = -26, 0 = -5*s + 3*y + 182126. List the prime factors of s.
7, 11, 43
Let q = -122 + 281. Suppose 5*l + 3*i = 351, -5*i + 0*i = -2*l + q. Let o = l - 69. List the prime factors of o.
3
Let f = 2114 - 1214. Suppose -2*d = -0*d + 4, -q - 5*d + f = 0. Suppose 0 = 4*s + 6*s - q. List the prime factors of s.
7, 13
Let l(h) = 8077*h**2 + 103*h - 104. List the prime factors of l(1).
2, 3, 673
Let p be (-9)/(9 + (-50900)/5655). List the prime factors of (((-28)/6)/(-7))/(6/p).
3, 13, 29
Let s = -529 - -3251. Suppose -904 = 6*o - s. List the prime factors of o.
3, 101
Let m(x) be the third derivative of x**5/60 - x**4/6 - 28*x**3/3 + 10*x**2 + 3*x. List the prime factors of m(-12).
2, 17
Let r(w) = -w**2 - 25*w - 31. Suppose -10 = a - 2*o, -5*o = 5*a - o + 78. List the prime factors of r(a).
3, 41
Suppose 4*c - 5*w - 95 = 0, 2*c - 17 - 35 = 4*w. Let l = c + 50. Suppose 0 = u - l + 4. List the prime factors of u.
2, 3, 11
Suppose 186*h - 56 = 184*h. Suppose -1050 = -3*r - 2*r. Suppose -31*i + h*i = -r. List the prime factors of i.
2, 5, 7
L